 -w = 2*f - h, -5*f = -2*w + w + 291. Calculate the greatest common divisor of 38 and w.
38
Let y = -47 - -66. Let f(x) = x**2 - 16 + y + 8 - 23*x - x. Let p be f(24). What is the highest common factor of p and 55?
11
Let y be 6*2/4 + -12 + 3. Let b(j) = -7*j - 20. Let c be b(y). Suppose -c = -5*x + 33. What is the highest common factor of x and 22?
11
Suppose -109 - 106 = -5*c. Let x = 3192 + -2332. Calculate the greatest common factor of x and c.
43
Let h(p) = p**3 - 19*p**2 - 3*p + 2891. Let w be h(0). What is the highest common divisor of 98 and w?
49
Suppose -9*d - 13*d = -10164. Let q(u) = u**3 + 8*u**2 + 7*u + 12. Let s be q(-6). What is the highest common divisor of d and s?
42
Suppose 2*r = -3*x + 131, 33 = 4*x - 3*r - 153. Calculate the highest common factor of x and 155.
5
Suppose 5*m + 2027 = 3*d, 2047 = 3*d - 2*m + 7*m. Let t = 95036 + -94842. What is the greatest common factor of t and d?
97
Let m = 42 - 16. Let y(q) = -149*q + 747. Let j be y(5). What is the greatest common divisor of m and j?
2
Let k be -1*1*-1*(3 - -34). Let w = k + -36. Suppose -26 = -2*l - 0*l. What is the highest common factor of w and l?
1
Let h = 6179 - 4439. What is the highest common divisor of h and 120?
60
Let g = -5415 - -5419. Let m(v) = v - 4. Let q be m(8). What is the highest common divisor of q and g?
4
Let p = -31577 + 33127. Calculate the greatest common factor of p and 8.
2
Let b = 56 + -11. Suppose -2*i + 35 = -o + 4*o, 59 = 3*i - 2*o. Suppose -16 = -7*g + i. What is the highest common divisor of b and g?
5
Suppose 2*i + 4*h - 441 = 287, 4*i + 2*h = 1492. What is the highest common divisor of 80 and i?
8
Suppose -4*k + 2444 = 2*x, -135*x + k - 3651 = -138*x. Calculate the greatest common divisor of x and 190.
38
Let x(g) = 4*g**2 - 27*g - 2. Let a(n) = -4*n**2 + 27*n + 2. Let t(u) = -2*a(u) - 3*x(u). Let v be t(5). What is the greatest common factor of v and 259?
37
Suppose -5*o + 46853 = 4*l, 4*o + 18*l - 37489 = 17*l. Calculate the highest common factor of 26 and o.
13
Suppose 5*v - 277 - 803 = 0. Let a(h) = h**3 + 115*h**2 - 122*h - 672. Let n be a(-116). What is the highest common divisor of v and n?
24
Let i = 6654 - 6590. Calculate the highest common factor of 432 and i.
16
Suppose 90 = -13*q + 22*q. Suppose -2*a - 5 = o - 0*o, -q = -2*a + 2*o. Suppose a = -12*y + 118 + 98. Calculate the highest common divisor of 36 and y.
18
Let q = -3346 + 3394. Calculate the highest common factor of 1152 and q.
48
Let r(d) = -d**3 - 148*d**2 - 273*d - 17983. Let s be r(-147). Let x be (-2)/(-4)*(-1 + 99). Calculate the greatest common divisor of s and x.
49
Suppose -15*j + 21*j - 240 = 0. Suppose -3*y + 42 + 381 = 0. Let w = y + -101. What is the greatest common factor of w and j?
40
Let i(p) be the second derivative of 7/20*p**5 - 1/6*p**4 + 10*p - 1/3*p**3 + 1/2*p**2 + 0. Let j be i(2). What is the highest common divisor of 27 and j?
9
Let f = -15 - -22. Suppose p + f*p - 72 = 0. Suppose -56 + p = -b. Calculate the greatest common factor of 47 and b.
47
Let p = -22 + 37. Suppose -5 = -2*c - 2*c - v, -5*c = -4*v + 20. Suppose f = -c*f + 120. Calculate the greatest common divisor of p and f.
15
Let n = -2210 + 3122. What is the greatest common factor of n and 36?
12
Suppose -2*f + 7*f + 15 = 0, 429 = 2*m + f. Suppose t + 265 = 7*y + 383, 290 = 5*t - 5*y. What is the highest common factor of m and t?
24
Suppose -25*o = 543 - 1943. What is the greatest common factor of o and 154?
14
Let b = 54 - 37. Suppose -4*j = z - 19, 14*z - j = 16*z - b. What is the greatest common divisor of 21 and z?
7
Suppose 7*v = 12*v + 3*z - 588, 372 = 3*v - 3*z. Let c be -45*((-100)/(-6))/(-5). Calculate the highest common divisor of c and v.
30
Let u be -31*4*9/(-108)*51. Calculate the highest common factor of u and 124.
31
Let y be (3/(15/572))/(202/2020). Calculate the greatest common divisor of y and 440.
88
Suppose -5*j - 4 = -3*a - 10, -5*j = -5*a. Suppose 0*n + a*n + 26 = 4*z, 33 = 5*z - 4*n. Calculate the highest common divisor of z and 470.
5
Suppose 100*h = 4999 - 799. Suppose 4*r = -3*g + 542, g - 2*r = -3*r + 181. Calculate the highest common divisor of h and g.
14
Let b(v) = 258*v + 28. Let a be b(12). Suppose -m + a = 4*o, 4*m = o + o - 1544. Suppose -8*n = 2*n - o. What is the highest common divisor of 26 and n?
26
Let d(m) = -m**3 - 8*m**2 + 54*m - 75. Let l be d(-14). What is the highest common divisor of l and 615?
15
Let u(c) = -4*c**3 - 16*c**2 - 106*c - 64. Let s be u(-10). What is the highest common divisor of 24 and s?
12
Let c be (44/12 - 1)/(33/30096). What is the highest common divisor of c and 684?
76
Suppose -k - 23 = -2*w, 926*k - 930*k = -w + 1. What is the highest common factor of 4719 and w?
13
Suppose -4*q - 1980 = 6*w - w, -q + 5*w = 470. Let i = 556 + q. What is the highest common factor of 220 and i?
22
Let b(g) = 4*g**2 + 41*g + 39. Let f be b(-11). What is the greatest common divisor of f and 256?
8
Let k be (-4)/(-1) - ((-40)/2 + -3). Let o be (-2)/k*-3 - 70078/666. Let b = o + 129. Calculate the greatest common factor of 56 and b.
8
Let z(i) = 243*i. Let d be z(3). Suppose -4*w = -w - d. Suppose 18*q = 19*q - w. What is the greatest common factor of q and 27?
27
Let f = -27 - -52. What is the highest common divisor of f and 11?
1
Suppose -5*p = -4*j - 1726 + 65, -4*p = 2*j - 1334. What is the highest common factor of p and 2775?
111
Suppose 0 = -4*n - l + 8225, -24*n - l = -25*n + 2060. What is the greatest common divisor of n and 11?
11
Suppose -57582 = -79*m + 58*m. What is the greatest common factor of m and 6?
6
Let s(c) = 6*c**2 + 90*c - 605. Let o be s(6). Calculate the greatest common factor of o and 52699.
151
Suppose 683 - 536 = 21*a. Suppose h - 2*x = -10, 5*h - 3*x + 2 + 13 = 0. Let v be (-1 + h)*(-1 + 0). Calculate the highest common divisor of a and v.
1
Let f be (-7*6)/(3/(-12)*-2). Let c be f/24*(-1)/((-2)/(-4)). Suppose 0 = 9*t - 10*t + c. Calculate the greatest common divisor of 77 and t.
7
Let k be (-6 + 18 + -7)*(-1011)/(-15). Suppose 3*t + 3*f = f + k, t = -3*f + 103. Calculate the greatest common factor of 23 and t.
23
Let o = 122 - 56. Suppose 8*g - 6*g = -114. Let m = g + o. Calculate the greatest common divisor of m and 1.
1
Let l = 1194 + 166. Calculate the highest common divisor of 30 and l.
10
Let u(n) = -n**3 - 12*n**2 + 53*n + 204. Let f be u(-15). Calculate the highest common divisor of f and 147.
21
Let t(q) = -941*q + 355. Let s be t(-7). What is the highest common factor of 78 and s?
78
Suppose 4*b = -441*c + 444*c + 3566, c - 902 = -b. Calculate the greatest common divisor of 256 and b.
128
Suppose 4*n - 12 = -9*p + 5*p, 4*n + 2*p - 22 = 0. Calculate the highest common factor of 764 and n.
4
Suppose -12*j - 42 = -5*j. Let y be j/(12/10)*-5. What is the highest common divisor of 40 and y?
5
Suppose 3*q - 5*q = -16*q + 3094. Let p(t) = t**3 + 6*t**2 + 6*t + 5. Let w be p(-4). What is the highest common divisor of w and q?
13
Let c(u) = -u**3 - 2*u + 344. Let h be c(0). Let b(y) = -2*y**3 - 5*y**2 - 17*y + 26. Let a be b(-3). Calculate the greatest common factor of a and h.
86
Let c = 4656 + -4623. Calculate the greatest common divisor of 25377 and c.
33
Let u be (9/18)/(3/14790). What is the greatest common factor of 15 and u?
5
Suppose 4*r = 2*v + 60, 10 = -5*r + 2*v + 85. Let w be 10/((-20)/(-1246)) - 11/(11/8). What is the highest common factor of r and w?
15
Let s(q) = q**2 + 72*q - 321. Let u be s(5). Let w be (1 - 7)*(-14)/(-4). Let d = 29 + w. Calculate the greatest common divisor of d and u.
8
Suppose -2*i = -3*m + 3070, -8*i + 4060 = 4*m - 4*i. Calculate the greatest common divisor of m and 36.
12
Suppose -8*a - 4*a = -3528. Let q be 12/16 - 2310/(-56). What is the highest common divisor of q and a?
42
Let q(i) = i + 25. Let b be q(-25). Let s be (5 - b - 3) + 6. Suppose -48 + 360 = s*r. What is the highest common factor of r and 65?
13
Let q = 885 - 267. What is the highest common factor of 10 and q?
2
Let u(g) = -2*g**3 - 12*g**2 + 17*g + 16. Let h be u(-7). Let b be (-30)/75 - 317/h. Calculate the highest common divisor of 18 and b.
9
Let c(o) = o**3 + 10*o**2 - 17*o - 43. Let b be c(-11). Suppose 14*r - b*r + 1566 = 0. What is the greatest common factor of 12 and r?
6
Suppose 1925 + 3